88 (base 12) in base 16?
-15c8
Convert 10110100010 (base 2) to base 16.
5a2
What is -2844 (base 10) in base 5?
-42334
What is -18474 (base 11) in base 2?
-110010011111110
Convert -134 (base 9) to base 12.
-94
-33033013 (base 4) to base 15
-13757
-222122 (base 3) to base 16
-2cf
What is 4464 (base 12) in base 15?
2394
-12694 (base 11) to base 12
-a5b0
What is 8a03 (base 13) in base 3?
222102200
What is 1316 (base 16) in base 8?
11426
-37681 (base 10) to base 5
-2201211
Convert 30014 (base 6) to base 10.
3898
-5161 (base 8) to base 14
-d8d
What is -100022200 (base 3) in base 4?
-1222023
123bc (base 13) to base 10
33617
What is -130031 (base 4) in base 9?
-2425
Convert -3561 (base 11) to base 2.
-1001000111001
Convert 15357 (base 9) to base 11.
7987
61504 (base 7) to base 15
469d
Convert -3817 (base 11) to base 2.
-1001101110011
What is 6a (base 12) in base 7?
145
What is -253 (base 6) in base 8?
-151
Convert 899 (base 15) to base 3.
2200000
What is -2143 (base 16) in base 4?
-2011003
What is -1162 (base 13) in base 8?
-4616
Convert 9c8e (base 16) to base 9.
60871
Convert -10264 (base 9) to base 6.
-51221
-b077 (base 12) to base 13
-8902
What is -403 (base 8) in base 5?
-2014
-1021001 (base 4) to base 12
-2855
What is a6 (base 15) in base 10?
156
What is 1570 (base 12) in base 4?
213210
What is 643 (base 12) in base 7?
2445
cc (base 15) to base 7
363
-21a52 (base 11) to base 15
-96a5
4121 (base 5) to base 4
20120
Convert -111111000011 (base 2) to base 6.
-30403
Convert 2226 (base 7) to base 15.
389
What is -2481 (base 12) in base 4?
-1000201
Convert 405 (base 10) to base 8.
625
What is -43224 (base 5) in base 2?
-101101111011
What is -1c2cd (base 14) in base 4?
-101203231
Convert 72 (base 16) to base 10.
114
Convert 104 (base 7) to base 12.
45
-269 (base 11) to base 2
-100111101
What is 97a9 (base 13) in base 10?
21095
What is 7725 (base 12) in base 2?
11001101001101
-121100 (base 6) to base 11
-7a85
220315 (base 7) to base 15
b66a
What is -bde (base 16) in base 15?
-d78
Convert 1402 (base 7) to base 10.
541
-2232210 (base 4) to base 12
-6570
-d112 (base 16) to base 12
-26b82
What is 6bb (base 15) in base 10?
1526
11c (base 15) to base 2
11111100
Convert -70104 (base 9) to base 14.
-12aa8
What is -313233 (base 5) in base 14?
-3b3d
-3bc8 (base 14) to base 13
-4a68
-22650 (base 8) to base 11
-7274
Convert -31331 (base 4) to base 15.
-3e8
Convert 20002 (base 3) to base 14.
ba
What is 1001040 (base 5) in base 4?
3312122
Convert 26427 (base 9) to base 16.
45b5
110010011110 (base 2) to base 13
1616
Convert 35336 (base 7) to base 2.
10001110000100
1115 (base 7) to base 13
251
Convert -1942 (base 10) to base 4.
-132112
3615 (base 12) to base 13
29b7
-8a16 (base 12) to base 6
-154430
What is 9802 (base 10) in base 12?
580a
What is -5513 (base 11) in base 12?
-4262
Convert 9617 (base 12) to base 4.
10000303
What is -1010000110101 (base 2) in base 9?
-7077
What is -1197 (base 15) in base 14?
-1514
What is 1100210 (base 3) in base 2?
1111100001
302053 (base 6) to base 10
23793
What is -27 (base 10) in base 7?
-36
Convert 302a (base 12) to base 6.
40054
-13111 (base 7) to base 12
-2027
What is -86a (base 13) in base 9?
-1870
4210 (base 6) to base 5
12232
-3718 (base 11) to base 5
-123414
What is 10232110 (base 4) in base 15?
5aed
12398 (base 11) to base 12
a351
-101101010 (base 2) to base 14
-1bc
-1132 (base 13) to base 6
-15051
99d4 (base 14) to base 12
13506
Convert -36243 (base 7) to base 6.
-111250
What is 664 (base 11) in base 7?
2215
Convert -7af2 (base 16) to base 14.
-b682
Convert 12225 (base 9) to base 3.
102020212
-10233000 (base 4) to base 7
-110352
110011101110 (base 2) to base 7
12436
What is 121 (base 3) in base 8?
20
1667 (base 9) to base 3
1202021
-1a38a (base 11) to base 3
-1102222022
Convert -555 (base 16) to base 7.
-3660
-10101000101 (base 2) to base 5
-20344
-77a7 (base 12) to base 4
-3032233
120002202 (base 3) to base 14
4025
563 (base 9) to base 15
20c
What is -2202231 (base 4) in base 8?
-24255
What is -408 (base 12) in base 4?
-21020
Convert -1046 (base 12) to base 10.
-1782
Convert -10421 (base 8) to base 16.
-1111
-11100111 (base 3) to base 12
-1a04
Convert 1ad2 (base 14) to base 10.
4888
What is -1b9 (base 15) in base 16?
-18f
What is 3b9 (base 13) in base 6?
3015
What is -111116 (base 8) in base 3?
-1220101012
Convert -16878 (base 9) to base 15.
-36be
Convert -479 (base 13) to base 7.
-2156
Convert -11600 (base 7) to base 3.
-11011112
3230 (base 6) to base 3
1000100
Convert -3113 (base 4) to base 8.
-327
What is -322133 (base 6) in base 12?
-13349
Convert -2568 (base 12) to base 9.
-5748
What is 129a (base 14) in base 15?
e82
Convert -2a80 (base 11) to base 5.
-111320
What is 54883 (base 9) in base 8?
107134
Convert 112212 (base 3) to base 7.
1112
What is -2869 (base 16) in base 9?
-15164
116044 (base 9) to base 10
70024
-1480 (base 9) to base 15
-500
-12111310 (base 4) to base 11
-18571
-22b0 (base 12) to base 6
-25540
What is 37522 (base 8) in base 2?
11111101010010
What is 112540 (base 8) in base 10?
38240
11407 (base 12) to base 8
55007
Convert 254 (base 12) to base 8.
540
-10011010011100100 (base 2) to base 13
-29cba
Convert -15c (base 15) to base 13.
-1b0
What is -452 (base 16) in base 7?
-3140
64c5 (base 15) to base 5
1140320
Convert -10420 (base 6) to base 4.
-112230
181 (base 12) to base 3
22221
Convert -72e8 (base 15) to base 14.
-8bd3
22112 (base 5) to base 16
5fc
21230 (base 4) to base 15
2b5
Convert e454 (base 15) to base 4.
23301211
Convert -101201 (base 3) to base 15.
-144
-14730 (base 10) to base 8
-34612
1774 (base 9) to base 5
20423
-297 (base 16) to base 13
-3c0
Convert 100443 (base 5) to base 13.
162b
-17897 (base 11) to base 16
-61c8
1726 (base 14) to base 13
1b73
Convert -30010 (base 8) to base 15.
-399b
Convert 6825 (base 15) to base 16.
5645
1068 (base 11) to base 8
2575
Convert 423211 (base 5) to base 16.
3765
Convert -14133 (base 6) to base 7.
-6315
What is -23320 (base 5) in base 11?
-1315
1110111 (base 2) to base 7
230
What is -30674 (base 8) in base 11?
-9625
What is 2774 (base 14) in base 15?
20e2
Convert -2301 (base 5) to base 2.
-101000110
Convert -1310 (base 5) to base 9.
-247
What is -11100101101 (base 2) in base 14?
-953
Convert 17471 (base 8) to base 3.
101222001
What is -2704 (base 8) in base 15?
-686
What is 45e (base 16) in base 14?
59c
Convert -1010202221 (base 3) to base 13.
-a29a
-7882 (base 12) to base 5
-411341
Convert -2230332 (base 4) to base 5.
-323240
1555 (base 7) to base 10
628
28a (base 14) to base 2
1000000010
34530 (base 7) to base 14
3317
757 (base 12) to base 13
649
What is -176206 (base 8) in base 10?
-64646
-1037 (base 8) to base 2
-1000011111
Convert -5c (base 14) to base 8.
-122
Convert 1101111011110111 (base 2) to base 5.
3311304
Convert 197 (base 12) to base 13.
16c
9711 (base 10) to base 15
2d26
What is f11 (base 16) in base 12?
2295
What is -196 (base 15) in base 14?
-1c2
Convert 169b7 (base 12) to base 5.
2020124
What is -2227 (base 8) in base 12?
-81b
Convert -42a0 (base 15) to base 5.
-422400
What is -147 (base 13) in base 5?
-1403
What is -51840 (base 9) in base 12?
-17976
Convert 16162 (base 7) to base 6.
33024
Convert 1471a (base 11) to base 16.
5161
What is 32965 (base 10) in base 16?
80c5
2013 (base 4) to base 15
90
What is 10320321 (base 4) in base 7?
112245
What is 331 (base 6) in base 9?
151
What is 112505 (base 8) in base 10?
38213
What is 193 (base 11) in base 12?
167
What is -1a1 (base 15) in base 2?
-101111000
Convert 34055 (base 6) to base 8.
11263
10414244 (base 5) to base 4
112122300
Convert 6461 (base 9) to base 13.
2218
714 (base 8) to base 6
2044
3568 (base 10) to base 15
10cd
-113012 (base 4) to base 8
-2706
What is 100011101010 (base 2) in base 5?
33112
Convert -122543 (base 6) to base 11.
-82a7
What is -11552 (base 7) in base 6?
-22002
27821 (base 9) to base 2
100100111001100
-56405 (base 8) to base 9
-35588
138a (base 12) to base 3
10002221
-17126 (base 8) to base 6
-55542
d6 (base 16) to base 14
114
What is -747 (base 12) in base 6?
-4531
What is 4140 (base 7) in base 9?
1880
Convert -7496 (base 16) to base 11.
-20473
Convert -224 (base 9) to base 16.
-b8
223212 (base 4) to base 9
3740
c45 (base 16) to base 8
6105
Convert -1100111110100 (